e factors of 187699968?
2, 3, 41, 1987
What are the prime factors of 5262339?
3, 1754113
What are the prime factors of 66629115?
3, 5, 7, 70507
List the prime factors of 408015831.
3, 31, 4387267
What are the prime factors of 665280665?
5, 7, 571, 33289
What are the prime factors of 38519010?
2, 3, 5, 179, 797
List the prime factors of 225754019.
47, 4803277
What are the prime factors of 48903318?
2, 3, 905617
What are the prime factors of 307449325?
5, 47, 233, 1123
What are the prime factors of 5689477496?
2, 19, 53, 223, 3167
List the prime factors of 47173888.
2, 184273
List the prime factors of 5523232298.
2, 13003, 212383
List the prime factors of 519849968.
2, 11, 947, 3119
What are the prime factors of 10696846?
2, 5348423
List the prime factors of 4329225494.
2, 11, 196782977
List the prime factors of 484907381.
7, 379, 26111
What are the prime factors of 1504759858?
2, 7, 107482847
List the prime factors of 42692323.
42692323
What are the prime factors of 846095698?
2, 7, 67, 13463
What are the prime factors of 2292024544?
2, 1429, 50123
List the prime factors of 395329247.
29, 167, 81629
What are the prime factors of 239979452?
2, 59994863
What are the prime factors of 6501615?
3, 5, 149, 2909
List the prime factors of 122894499.
3, 7, 13, 9187
What are the prime factors of 224522839?
224522839
List the prime factors of 56591693.
56591693
What are the prime factors of 337322329?
337322329
List the prime factors of 2191508949.
3, 7, 3847, 27127
What are the prime factors of 60762122?
2, 30381061
List the prime factors of 4095735780.
2, 3, 5, 6299, 10837
What are the prime factors of 386400804?
2, 3, 32200067
List the prime factors of 1081702058.
2, 3407, 158747
What are the prime factors of 142844328?
2, 3, 11, 41, 53, 83
What are the prime factors of 39402751?
19, 79, 26251
List the prime factors of 601790941.
31, 4391, 4421
What are the prime factors of 72861978?
2, 3, 7, 29, 163, 367
What are the prime factors of 367003479?
3, 23, 5318891
List the prime factors of 1043833418.
2, 37, 163, 86539
List the prime factors of 121440012.
2, 3, 491, 20611
List the prime factors of 3012771832.
2, 7, 53799497
What are the prime factors of 161661053?
151, 421, 2543
What are the prime factors of 11374132?
2, 7, 11, 36929
List the prime factors of 114248475.
3, 5, 11, 23, 223
List the prime factors of 94550812.
2, 331, 71413
List the prime factors of 152933858.
2, 7, 11, 71, 197
List the prime factors of 135875450.
2, 5, 2717509
List the prime factors of 236096917.
7, 29, 1163039
What are the prime factors of 41421003?
3, 13, 73, 14549
What are the prime factors of 366500357?
366500357
List the prime factors of 63378231.
3, 7, 47, 157, 409
List the prime factors of 5127460878.
2, 3, 19, 577, 77951
List the prime factors of 524083640.
2, 5, 13102091
List the prime factors of 117337395.
3, 5, 7, 613, 1823
What are the prime factors of 15332831?
89, 172279
What are the prime factors of 2898169946?
2, 7, 207012139
List the prime factors of 32647711.
32647711
List the prime factors of 39960884.
2, 9990221
What are the prime factors of 9073805?
5, 13, 139597
What are the prime factors of 92328671?
92328671
List the prime factors of 114868266.
2, 3, 19144711
What are the prime factors of 112759018?
2, 23, 29, 181, 467
List the prime factors of 4401187261.
4401187261
What are the prime factors of 39722620?
2, 5, 7, 167, 1699
List the prime factors of 147221863.
53, 2777771
What are the prime factors of 28465668?
2, 3, 7, 11, 163
What are the prime factors of 602801361?
3, 83, 89, 9067
What are the prime factors of 34922464?
2, 23, 2063
List the prime factors of 10816446.
2, 3, 199, 9059
What are the prime factors of 1274545474?
2, 397, 463, 3467
List the prime factors of 55079129.
7, 7868447
List the prime factors of 72760512.
2, 3, 11, 47, 733
List the prime factors of 697473364.
2, 7, 181, 137623
List the prime factors of 459981205.
5, 593, 155137
What are the prime factors of 269553428?
2, 17, 3964021
What are the prime factors of 94970473?
13, 23, 41, 61, 127
What are the prime factors of 64098748?
2, 7, 337, 6793
What are the prime factors of 55749608?
2, 23, 61, 4967
What are the prime factors of 283897535?
5, 17, 31, 107741
What are the prime factors of 52354671?
3, 19, 67, 13709
List the prime factors of 343815883.
967, 355549
What are the prime factors of 853643297?
13, 83, 103, 7681
List the prime factors of 1865688649.
11, 1619, 104761
What are the prime factors of 3638800018?
2, 7, 491, 529357
List the prime factors of 1928478998.
2, 37, 127, 205201
List the prime factors of 21720693.
3, 41, 176591
List the prime factors of 11809730.
2, 5, 17, 127, 547
What are the prime factors of 1353267978?
2, 3, 991, 227593
List the prime factors of 57122395.
5, 11, 1038589
What are the prime factors of 362026397?
1249, 289853
List the prime factors of 273858492.
2, 3, 829, 27529
List the prime factors of 113229148.
2, 43, 658309
List the prime factors of 341611034.
2, 1033, 165349
List the prime factors of 3003851201.
13, 101, 2287777
List the prime factors of 4555961247.
3, 1518653749
List the prime factors of 563007266.
2, 47, 5989439
What are the prime factors of 161420155?
5, 13, 73, 34019
List the prime factors of 2316708480.
2, 3, 5, 1206619
List the prime factors of 77353088.
2, 37, 16333
List the prime factors of 26316666.
2, 3, 1462037
What are the prime factors of 3371651207?
3371651207
What are the prime factors of 804777344?
2, 7, 898189
What are the prime factors of 7817574?
2, 3, 1302929
What are the prime factors of 40362529?
101, 137, 2917
List the prime factors of 152412164.
2, 47, 367
List the prime factors of 15691530.
2, 3, 5, 19, 27529
List the prime factors of 4600669616.
2, 5279, 54469
List the prime factors of 52917768.
2, 3, 97, 7577
What are the prime factors of 84020993?
7, 3313, 3623
List the prime factors of 138548961.
3, 113, 15137
List the prime factors of 947256560.
2, 5, 11840707
List the prime factors of 686490423.
3, 137, 857, 1949
What are the prime factors of 269689400?
2, 5, 631, 2137
What are the prime factors of 67298566?
2, 33649283
List the prime factors of 4509610418.
2, 41, 54995249
What are the prime factors of 250882661?
647, 387763
What are the prime factors of 121259480?
2, 5, 71, 42697
List the prime factors of 179583044.
2, 44895761
What are the prime factors of 576600220?
2, 5, 7, 17, 19, 41, 311
List the prime factors of 5857809.
3, 17, 114859
List the prime factors of 89657980.
2, 5, 41, 53, 2063
List the prime factors of 691196050.
2, 5, 13823921
What are the prime factors of 10465579?
659, 15881
List the prime factors of 179383628.
2, 44845907
What are the prime factors of 86393947?
313, 276019
List the prime factors of 454341652.
2, 53, 103, 20807
What are the prime factors of 147999461?
147999461
What are the prime factors of 286736831?
659, 435109
List the prime factors of 7200277163.
1229, 5858647
List the prime factors of 285988039.
4153, 68863
What are the prime factors of 16986535?
5, 23, 147709
List the prime factors of 1987110911.
24097, 82463
What are the prime factors of 6908534184?
2, 3, 287855591
What are the prime factors of 15206689?
1291, 11779
What are the prime factors of 1253967723?
3, 5160361
List the prime factors of 296287456.
2, 9258983
List the prime factors of 259809186.
2, 3, 7, 13, 475841
List the prime factors of 18758953.
18758953
List the prime factors of 72489935.
5, 7, 31, 71, 941
List the prime factors of 2984072829.
3, 37, 3023, 8893
List the prime factors of 4211696869.
101, 41699969
List the prime factors of 125464428.
2, 3, 41, 167, 509
What are the prime factors of 945968441?
11, 31, 41, 6151
What are the prime factors of 7459240110?
2, 3, 5, 7, 17, 421, 709
What are the prime factors of 136895994?
2, 3, 93893
What are the prime factors of 69079339?
7, 9868477
List the prime factors of 6813237738.
2, 3, 1553, 731191
What are the prime factors of 125151551?
7, 17878793
What are the prime factors of 18357973?
71, 258563
What are the prime factors of 1973804709?
3, 89, 7392527
List the prime factors of 1583169068.
2, 13, 30445559
What are the prime factors of 29992182?
2, 3, 11, 17, 26731
List the prime factors of 4304099916.
2, 3, 17, 781427
List the prime f